-244010324
In base 12, what is -4b270a + 5?
-4b2705
In base 15, what is 5 + d298082?
d298087
In base 2, what is 11110011110 + -10111100011?
110111011
In base 5, what is 423143 - -22031?
1000224
In base 12, what is 58a3b - -411?
59250
In base 11, what is -21a89357 + -3?
-21a8935a
In base 9, what is -12120 - 13823?
-26043
In base 3, what is 102221 - 102101120010?
-102101010012
In base 4, what is 101302 + -1312231?
-1210323
In base 9, what is -2008 - 1022?
-3031
In base 2, what is 1001110 - -1001010101010100010110?
1001010101010101100100
In base 12, what is -201261 + 39?
-201224
In base 8, what is -34 + -2473722?
-2473756
In base 7, what is -16146536 - 264?
-16150133
In base 10, what is -6 - -382364?
382358
In base 5, what is 4 + -100443043121?
-100443043112
In base 5, what is -20 - -21414?
21344
In base 4, what is 1022323111 + -1031?
1022322020
In base 7, what is -146450 - 11006?
-160456
In base 8, what is -3162046 + 10?
-3162036
In base 14, what is 4d3 + -97b5?
-92c2
In base 2, what is -1001 - -100011100111110000111?
100011100111101111110
In base 4, what is 12113033 - 1233312?
10213121
In base 15, what is 3 + 25b6b36?
25b6b39
In base 14, what is 70ad86 - 3?
70ad83
In base 4, what is 10201031 + -2021?
10133010
In base 15, what is -163 + 10c734?
10c5c1
In base 13, what is 3b - -64353?
64391
In base 16, what is 5 - -11d8a2?
11d8a7
In base 15, what is 10 + 3595?
35a5
In base 15, what is 6509 + -8bd?
5b3b
In base 16, what is 1e9477d + 3?
1e94780
In base 8, what is 457273030 + 1?
457273031
In base 14, what is -25226 + -43?
-25269
In base 14, what is -a8bbb + -36?
-a8c13
In base 8, what is -416670 - 1356?
-420246
In base 8, what is -74142414 - 3?
-74142417
In base 8, what is -4 - 437455536?
-437455542
In base 16, what is -ae4f + -33c?
-b18b
In base 3, what is -1102202222102011 + 10?
-1102202222102001
In base 3, what is -112 + -102122221000?
-102122221112
In base 4, what is -13030323302 - 20?
-13030323322
In base 8, what is -7 - -50262655?
50262646
In base 12, what is -68 + 2824bb?
282453
In base 7, what is -3445 - -15354?
11606
In base 6, what is -3 + 23513554?
23513551
In base 2, what is 10110010011101011 - 100110111000101?
10001011100100110
In base 12, what is -77496751 + 4?
-77496749
In base 11, what is 1 + 153055612?
153055613
In base 15, what is -7c7a5 - -1?
-7c7a4
In base 14, what is 0 - 769cbd5?
-769cbd5
In base 12, what is -18 + 1b578?
1b560
In base 13, what is -708815 - 4?
-708819
In base 6, what is -3 + -31220311335?
-31220311342
In base 13, what is -1173a17b + -5?
-1173a183
In base 4, what is -200303031311 + 100?
-200303031211
In base 13, what is c + -bb302?
-bb2c3
In base 9, what is -6 - 634704?
-634711
In base 4, what is 313 - -212031300?
212032213
In base 10, what is -562709 - 15?
-562724
In base 5, what is 3 + 11133430211?
11133430214
In base 4, what is 11 - 10203003120?
-10203003103
In base 10, what is 579504 + -7?
579497
In base 3, what is -22021111021002 - -10?
-22021111020222
In base 12, what is 2891 + 38ba?
658b
In base 3, what is -100210 + 111112001012?
111111200102
In base 6, what is 42 - -5242053?
5242135
In base 6, what is 253322534152 + -5?
253322534143
In base 2, what is -1000111111000011001 + 111111?
-1000111110111011010
In base 11, what is -19 + 11733a0?
1173382
In base 15, what is -27c + 7472?
71e5
In base 5, what is 1100444140 - -203?
1100444343
In base 14, what is -c2b7 + 63?
-c254
In base 14, what is -2969 - 99a?
-3525
In base 5, what is 142441223012 - 11?
142441223001
In base 14, what is 544b8084 - -5?
544b8089
In base 6, what is -5 - 300032055?
-300032104
In base 15, what is -2 + 1219b92?
1219b90
In base 15, what is -84 + -41a0d?
-41a92
In base 16, what is 532 - 365c5?
-36093
In base 9, what is -324 - 25787?
-26222
In base 13, what is -6 + cb9250?
cb9247
In base 12, what is -1458 - 722bb?
-73757
In base 12, what is -5 + 254a8630?
254a8627
In base 8, what is 203 - 115716?
-115513
In base 6, what is 15041035 + -140?
15040455
In base 14, what is 29 - 222cbc?
-222c93
In base 8, what is 6331311 - 21?
6331270
In base 11, what is 455a322 - 2?
455a320
In base 14, what is 3b234 - b9?
3b159
In base 11, what is 6824a0 + 1?
6824a1
In base 15, what is 61 + -abd99b?
-abd93a
In base 5, what is 1 - 204234230110?
-204234230104
In base 2, what is 1000110010000110111 + 1011001010?
1000110011100000001
In base 2, what is -101101111010 + -100010010001000?
-101000000000010
In base 5, what is -24 + 2021124343?
2021124314
In base 6, what is 10111222 - 501?
10110321
In base 10, what is -8195 - -19?
-8176
In base 14, what is -3155a0 + 4d?
-315551
In base 4, what is 100223233012 - 11?
100223233001
In base 5, what is -14211 - 1224?
-20440
In base 16, what is c + 713e27?
713e33
In base 12, what is -1795 + -959?
-2532
In base 12, what is 1126126 + 0?
1126126
In base 8, what is -25 + 1506772?
1506745
In base 10, what is 73 - 8061121?
-8061048
In base 13, what is -b2c9c20 - -3?
-b2c9c1a
In base 6, what is -1 + 134322503?
134322502
In base 6, what is -41321 + 124225?
42504
In base 16, what is 125 - 103e7?
-102c2
In base 9, what is -808 - 3830?
-4738
In base 14, what is -459a503 - -3?
-459a500
In base 8, what is -15 - 71270733?
-71270750
In base 16, what is 11d8 - -542?
171a
In base 14, what is -b7d18 - -21?
-b7cd7
In base 8, what is -33 - -12200525?
12200472
In base 13, what is -18234 - -2c4?
-17c40
In base 9, what is 1025 + 6130?
7155
In base 3, what is -2100011 - -111021112120?
111012012102
In base 6, what is 10 + 4223425524?
4223425534
In base 14, what is 3 - -1a67457?
1a6745a
In base 9, what is -3215250 + 32?
-3215217
In base 9, what is 21255 + 5061?
26326
In base 6, what is -4 - 1210235344?
-1210235352
In base 14, what is -107 - -a7627?
a7520
In base 14, what is -120137b + 11?
-120136a
In base 13, what is 5 + 13a45b0?
13a45b5
In base 5, what is -20443414 - 22?
-20443441
In base 4, what is 0 - -13120123320?
13120123320
In base 7, what is 11563245 - 11?
11563234
In base 7, what is -13 + 11120651?
11120635
In base 7, what is -101005263 + -1?
-101005264
In base 11, what is 39 - -11124a2?
1112530
In base 5, what is -20422 - -320334?
244412
In base 15, what is -a4d - -60c?
-441
In base 16, what is -4 - -6944b6?
6944b2
In base 14, what is -c37bb9 + -1?
-c37bba
In base 10, what is 410 - -849897?
850307
In base 7, what is -212250311 + -2?
-212250313
In base 10, what is -1185676 + 63?
-1185613
In base 10, what is -661780 + -2?
-661782
In base 14, what is -5031 + c4?
-4d4b
In base 16, what is -2 - -2755fe?
2755fc
In base 8, what is -116 - 203613?
-203731
In base 14, what is 1268 - 73300?
-72076
In base 16, what is c - 14e5ae?
-14e5a2
In base 13, what is 1 + -1772271?
-1772270
In base 15, what is 5 + -328636?
-328631
In base 10, what is -43011 - 22?
-43033
In base 7, what is -236 - 15114340?
-15114606
In base 2, what is 10 + 10100001111001000001100111?
10100001111001000001101001
In base 10, what is 222947720 - -2?
222947722
In base 9, what is 4 + 5185577?
5185582
In base 12, what is 1b - -1807266?
1807285
In base 15, what is 2e79b94 + 2?
2e79b96
In base 4, what is -3 + 2103112332130?
2103112332121
In base 14, what is 4667 - -121b?
5884
In base 5, what is 1042 + -3320232313?
-3320231221
In base 5, what is 13340 + -310003?
-241113
In base 11, what is 1838 + 3285?
5012
In base 3, what is 1221 - -112101012212?
112101021210
In base 15, what is 23 + 177be5?
177c18
In base 13, what is -a - -56134c?
561342
In base 8, what is 25375 - -1?
25376
In base 13, what is 5 - -7c67b9?
7c67c1
In base 13, what is -12c - -7aca8?
7ab79
In base 8, what is -1121044 - -622?
-1120222
In base 11, what is 4 - 4536a50?
-4536a47
In base 3, what is -10 + 12011002121210220?
12011002121210210
In base 14, what is 8 - -6896d05?
6896d0d
In base 3, what is 1020211112202111001 + 10?
1020211112202111011
In base 9, what is -122 - 1208217?
-1208340
In base 5, what is 32142 - 10211013?
-10123321
In base 12, what is 7140 - -433?
7573
In base 14, what is -3 - -8838844?
8838841
In base 10, what is -2988 - 7949?
-10937
In base 16, what is -1c59 - 1e22?
-3a7b
In base 7, what is 412223512 + -4?
412223505
In base 9, what is 4872 - 70542?
-64560
In base 13, what is -65 + -12043?
-120a8
In base 10, what is -5 + 1273772?
1273767
In base 2, what is -1001101110100 - -1001000110001001?
111111000010101
In ba